p(u) = 5*u + 1. Give p(-12).
-59
Let o(n) = n**3 + 7*n**2 - 6*n + 11. Determine o(-8).
-5
Let g(p) = 42*p - 118. Give g(3).
8
Let j(w) = w**2 - 13*w + 18. Calculate j(7).
-24
Let y(p) = 8*p - 48. Determine y(12).
48
Let c(l) = l**3 + 5*l**2 - 10*l - 48. Determine c(-5).
2
Let j(d) = d**2 - 4*d - 3. What is j(-1)?
2
Let a(y) = -y**3 + 7*y**2 + 6*y - 9. What is a(8)?
-25
Let v(h) = -h**2 + 9*h + 18. What is v(10)?
8
Let c(m) = -m + 6. Determine c(6).
0
Let q(t) = -2*t**2 + 11*t + 46. Give q(-3).
-5
Let x(u) = -9*u + 1. Calculate x(-2).
19
Let i(r) = r**2 + 13*r - 18. What is i(7)?
122
Let l(q) = q + 82. Calculate l(-40).
42
Let g(q) = -q**2 - 3*q. What is g(-5)?
-10
Let d(j) = -27*j + 565. What is d(21)?
-2
Let i(o) = 10*o**2 + 3*o + 5. Calculate i(-2).
39
Let p(w) = w**3 + 14*w**2 + 4*w + 55. Calculate p(-14).
-1
Let l(h) = 55*h - 328. Calculate l(6).
2
Let c(v) = v**2 + v + 1. Determine c(2).
7
Let k(d) = -d**3 + 5*d**2 - 7*d + 7. What is k(4)?
-5
Let p(j) = -j**3 + 11*j**2 - 13*j. Calculate p(9).
45
Let r(z) = 6*z**2 - 148*z - 207. Determine r(26).
1
Let v(d) = -3*d**2 + 7*d + 7. What is v(-1)?
-3
Let q(z) = z**3 + 9*z**2 + 6*z - 6. Calculate q(-8).
10
Let m(n) = 4*n**2 - 7*n + 10. What is m(2)?
12
Let v(s) = -s - 7. Calculate v(-5).
-2
Let i(v) = -2*v - 1. Determine i(-6).
11
Let i(m) = 12*m - 148. Calculate i(12).
-4
Let i(q) = -q**3 + 3*q**2 + 6*q + 21. Determine i(5).
1
Let j(o) = 2*o**3 - 2*o**2 - 1. Calculate j(2).
7
Let h(g) = -g**3 + 8*g**2 - 8*g + 29. Determine h(7).
22
Let j(o) = -o**3 - 6*o**2 - 5*o - 2. Determine j(-5).
-2
Let w(p) = p**3 + 3*p**2 - 4*p - 4. Give w(-4).
-4
Let v(y) = 11*y + 158. Calculate v(-15).
-7
Let p(v) = v**3 - 30*v**2 - 31*v - 1. Give p(31).
-1
Let g(z) = z**2 - 5*z + 2. Determine g(5).
2
Let b(t) = 3*t**3 - 2*t. What is b(2)?
20
Let u(q) = 3*q + 17. Calculate u(-7).
-4
Let i(g) = 2*g**3 + g**2 - 9*g + 3. Give i(2).
5
Let d(a) = 51*a - 44. What is d(1)?
7
Let y(k) = -2*k - 56. Calculate y(-23).
-10
Let v(m) = 12*m + 263. Give v(-22).
-1
Let z(d) = 8*d + 40. Determine z(-5).
0
Let c(x) = -x**2 - 3*x - 4. Determine c(5).
-44
Let d(b) = 7*b - 16. Give d(16).
96
Let m(v) = 4*v**2 + 3*v + 9. Calculate m(-3).
36
Let j(w) = -w**3 - 5*w**2 + 11*w + 25. What is j(-6)?
-5
Let z(y) = y**3 + 3*y**2 - y + 4. Determine z(-5).
-41
Let k(a) = 6*a**3 - a**2 - a + 2. Calculate k(1).
6
Let h(b) = -2*b**2 + 63*b - 485. Give h(13).
-4
Let k(v) = -v**2 - 3*v - 1. Calculate k(-4).
-5
Let h(y) = 3*y - 48. What is h(17)?
3
Let h(m) = -5*m + 4. What is h(6)?
-26
Let p(q) = q**2 - 6*q - 10. Give p(9).
17
Let q(t) = t**3 + 6*t**2 + t + 10. What is q(-6)?
4
Let u(c) = c**2 - 5*c - 2. Calculate u(7).
12
Let d(h) = -4*h + 31. Give d(8).
-1
Let n(p) = 3*p - 20. Calculate n(14).
22
Let n(d) = -d**3 - 2*d**2 - 2*d + 3. Calculate n(2).
-17
Let c(p) = 7*p + 5. Give c(3).
26
Let g(r) = 2*r**3 - r**2 - r + 4. Calculate g(2).
14
Let q(u) = 7*u + 6. What is q(-3)?
-15
Let l(c) = 4*c + 49. What is l(-7)?
21
Let c(b) = -4*b + 13. Give c(4).
-3
Let p(g) = -15*g + 351. Give p(23).
6
Let r(n) = -n**2 - 24*n + 55. Determine r(-26).
3
Let n(y) = y**3 - 6*y + 3. Give n(2).
-1
Let y(n) = -n - 33. Determine y(-18).
-15
Let a(v) = v**3 - 5*v**2 - 17*v + 16. Calculate a(7).
-5
Let x(h) = h**3 - 4*h**2 - 6*h + 4. Calculate x(5).
-1
Let h(t) = t**2 + 7*t + 2. Give h(-7).
2
Let w(i) = -11*i**3 + i - 1. Calculate w(1).
-11
Let t(q) = -q**3 + 5*q**2 + 4*q - 1. Give t(4).
31
Let l(m) = 2*m**2 - 36. Calculate l(-4).
-4
Let b(h) = 21*h - 216. What is b(10)?
-6
Let v(f) = f**2 + 23*f + 123. What is v(-15)?
3
Let n(f) = -7*f - 2. Determine n(-1).
5
Let m(q) = q**2 + 3*q + 2. Determine m(2).
12
Let m(p) = p**3 + 22*p**2 - 24*p + 3. Give m(-23).
26
Let y(n) = n**3 - n**2 + 8*n + 9. Calculate y(0).
9
Let d(g) = g**2 - 8*g - 10. Give d(10).
10
Let s(d) = -2*d**2 - 10*d + 13. Determine s(-6).
1
Let j(d) = -d**3 - 6*d**2 - 10*d - 11. Determine j(-3).
-8
Let i(w) = w**3 - 11*w**2 + 6*w - 71. Give i(11).
-5
Let h(r) = r**2 + 48*r - 10. Give h(-48).
-10
Let h(u) = 15*u - 263. Give h(17).
-8
Let u(i) = 2*i**2 - 15*i - 1. Give u(1).
-14
Let i(a) = a**3 - 2*a**2 - a + 3. Determine i(3).
9
Let w(z) = -2*z + 5. Give w(0).
5
Let u(d) = 8*d + 38. Give u(-5).
-2
Let j(l) = 3*l**2 - 15*l + 5. Give j(5).
5
Let v(h) = h**3 + 15*h**2 - 18*h - 23. Calculate v(-16).
9
Let c(r) = -r**3 + 21*r - 22. What is c(1)?
-2
Let p(l) = -l**2 + 4*l + 1. Calculate p(5).
-4
Let n(s) = s**2 + 7*s - 46. Give n(-11).
-2
Let w(c) = c**2 + 7*c. Calculate w(-3).
-12
Let t(x) = -132*x - 273. Give t(-2).
-9
Let k(n) = 2*n**2 - 9*n. Calculate k(7).
35
Let m(g) = g**2 + 8*g - 29. Give m(-11).
4
Let f(q) = -q**2 + 23*q + 24. Determine f(24).
0
Let q(o) = 2*o**2 + 4*o + 3. Give q(-3).
9
Let f(n) = 2*n**3 - 3*n**2 - 2*n - 1. What is f(3)?
20
Let f(s) = s**3 - 4*s**2 - 7*s + 11. Determine f(5).
1
Let o(p) = 3*p**2 - 26*p + 67. What is o(3)?
16
Let x(d) = -d**3 + 18*d**2 - 15*d - 4. What is x(17)?
30
Let i(f) = -4*f**2 + 13*f - 8. Calculate i(3).
-5
Let j(x) = 10*x - 37. Determine j(7).
33
Let o(s) = -s**2 + 8*s. Calculate o(6).
12
Let i(p) = -12*p - 10. Calculate i(7).
-94
Let l(s) = -s**3 + 8*s**2 - 11*s - 5. Give l(6).
1
Let y(p) = p**3 + 2*p**2 + 4*p + 3. Calculate y(0).
3
Let q(b) = b**2 - b - 9. Give q(-3).
3
Let m(k) = -k**2 - 11*k - 16. Give m(-7).
12
Let f(o) = -o**3 - 3*o**2 + 4*o - 3. Calculate f(-4).
-3
Let u(c) = -2*c**2 + 47*c + 10. Determine u(23).
33
Let q(k) = -3*k - 18. Give q(-5).
-3
Let w(p) = -p**3 + 6*p**2 + 69. What is w(7)?
20
Let t(p) = 7*p - 68. What is t(7)?
-19
Let q(l) = -6*l + 8. What is q(1)?
2
Let h(l) = l**3 - 7*l**2 - 29*l - 2. Calculate h(10).
8
Let z(k) = 3*k - 16. Give z(-7).
-37
Let b(j) = -3*j + 41. Calculate b(15).
-4
Let o(n) = -2*n**3 + 3*n - 3. Determine o(3).
-48
Let h(g) = -g**3 + 5*g**2 - 3*g + 12. Calculate h(5).
-3
Let x(u) = -4*u**2 - 4*u - 1. Calculate x(-2).
-9
Let w(r) = 5*r**2 - 99*r + 5. Give w(20).
25
Let l(u) = 4*u - 10. What is l(1)?
-6
Let c(n) = -5*n + 2. Give c(-3).
17
Let l(m) = 9*m + 83. Determine l(-15).
-52
Let y(c) = 3*c + 17. Give y(10).
47
Let s(l) = -l**3 + 3*l**2 + l - 1. Calculate s(3).
2
Let c(p) = -3*p**2 + 6*p - 7. Calculate c(-6).
-151
Let o(v) = -v**3 + 6*v**2 + 16*v - 13. Determine o(8).
-13
Let v(w) = -w**3 - 7*w**2 - w + 33. Calculate v(-6).
3
Let t(o) = o**3 - 5*o**2 - 7*o + 28. Calculate t(6).
22
Let v(m) = -23*m**3 - 3*m**2 - 2*m. Give v(-1).
22
Let t(i) = 13*i - 17. What is t(-2)?
-43
Let m(b) = -b**3 + 15*b**2 + b - 12. Calculate m(15).
3
Let l(b) = -39*b - 391. Give l(-10).
-1
Let n(z) = -20*z + 347. Determine n(17).
7
Let v(f) = 15*f**3 + 3*f + 1. Determine v(-1).
-17
Let d(w) = -w**3 + 4*w**2 - 9*w + 8. Calculate d(4).
-28
Let r(k) = k - 6. Determine r(14).
8
Let b(v) = v**3 - 5*v**2 - 7*v + 5. Give b(6).
-1
Let l(q) = q - 1. What is l(-11)?
-12
Let l(o) = -13*o + 71. Give l(5).
6
Let a(d) = -d - 47. Give a(-54).
7
Let s(t) = 24*t. Calculate s(-1).
-24
Let f(x) = 2*x + 3. Calculate f(-2).
-1
Let v(a) = a**3 - 10*a**2 + 12*a + 26. What is v(8)?
-6
Let p(y) = y + 13. Determine p(-18).
-5
Let p(i) = -i**3 + 6*i**2 + 12*i - 12. Calculate p(8).
-44
Let x(k) = -2*k**2 - 2*k. What is x(-2)?
-4
Let l(n) = -21*n**2 - 2*n - 1. What is l(-1)?
-20
Let y(b) = -b**2 - 6*b + 99. Give y(-13).
8
Let w(v) = 81*v - 1. What is w(-1)?
-82
Let u(r) = -r - 1. Calculate u(-6).
5
Let p(k) = -15*k**3 + k**2 + 8*k - 7. Give p(1).
-13
Let q(o) = 2*o**3 - 2*o**2 + 4*o - 3. Determine q(2).
13
Let l(g) = g**2 - 21*g + 36. Calculate l(19).
-2
Let u(j) = 2*j**2 - 61*j - 172. Calculate u(33).
-7
Let k(s) = -8*s - 55. Calculate k(-6).
-7
Let q(x) = -x**2 + 27*x - 83. Determine q(24).
-11
Let l(k) = 154*k - 145. Determine l(1).
9
Let i(m) = m**3 + m**2 - 7*m - 17. Calculate i(-5).
-82
Let n(h) = -h**3 - 4*h**2 + 30*h + 119. Give n(-5).
-6
Let d(a) = a**3 + 15*a**2 + 23*a - 35. What is d(-13)?
4
Let y(p) = -10*p + 322. What is y(32)?
2
Let q(m) = -m**3 + 10*m**2 - 13*m + 26. Calculate q(9).
-10
Let a(u) = 9*u + 314. What is a(-36)?
-10
Let k(g) = 6*g**3 + g**2 - 3*g + 1. Give k(2).
47
Let w(c) = c**2 + 9*c + 22. Give w(-4).
2
Let n(j) = -j**3 + 6*j**2 - 6*j - 1. Determine n(3).
8
Let q(k) = -k**3 + 7*k**2 - 9*k + 6. Give q(5).
11
Let c(x) = 8*x**3 + x**2 - 3*x - 2. 